+ 4*r - 86. Determine j(22).
2
Let t(v) = 6*v - 38. Calculate t(8).
10
Let l(g) = 2*g - 50. What is l(31)?
12
Let l(r) = r**3 - 8*r**2 + 14*r - 15. Determine l(6).
-3
Let l(v) = -v**3 - 10*v**2 - 15*v + 19. Determine l(-8).
11
Let t(b) = 2*b - 15. Determine t(-7).
-29
Let q(u) = -u**3 + 5*u**2 + 2*u + 6. What is q(6)?
-18
Let d(t) = 4*t + 4. Determine d(-6).
-20
Let s(z) = z**2 - 10*z - 29. Calculate s(-8).
115
Let g(i) = i**2 - 18*i + 54. What is g(14)?
-2
Let w(z) = z**2 + 7*z - 4. Give w(-10).
26
Let z(d) = -5*d + 1. Determine z(-6).
31
Let l(d) = -9*d + 41. Calculate l(7).
-22
Let x(i) = -2*i**2 + i + 5. Calculate x(-3).
-16
Let x(c) = c**2 - 13*c + 6. Determine x(6).
-36
Let b(r) = -r**3 - 10*r**2 + 10*r - 3. Give b(-11).
8
Let p(h) = -h**3 + 10*h**2 - 10*h + 13. Give p(9).
4
Let b(x) = -2*x - 33. Calculate b(-14).
-5
Let q(x) = 14*x + 40. What is q(-3)?
-2
Let z(h) = -3*h**2 + 40*h - 48. What is z(12)?
0
Let w(v) = v**2 + 2*v + 3. Calculate w(-6).
27
Let t(h) = -6*h + 1. Give t(1).
-5
Let g(t) = -t**2 + 28*t - 16. Give g(29).
-45
Let g(m) = -m**3 + 23*m**2 + 3*m - 68. What is g(23)?
1
Let g(i) = -20*i - 2. Determine g(1).
-22
Let c(t) = 5*t + 145. Give c(-23).
30
Let p(f) = 18*f + 94. What is p(-5)?
4
Let t(l) = -l**3 + l**2 + l. Calculate t(1).
1
Let n(t) = t**2 + 22*t + 44. Give n(-19).
-13
Let z(p) = -8*p - 3. What is z(1)?
-11
Let q(p) = -4*p + 52. Calculate q(-6).
76
Let a(y) = y**3 + 4*y**2 + 3*y + 36. What is a(-5)?
-4
Let l(i) = -10*i**2 - 5*i + 3. Give l(-3).
-72
Let f(z) = -z**2 - z - 8. Give f(0).
-8
Let q(b) = -2*b**2 - 100*b - 97. Calculate q(-49).
1
Let i(v) = v**3 + 3*v**2 - 2*v - 1. What is i(-2)?
7
Let s(a) = a**3 + 4*a**2 - 4*a - 5. Determine s(-4).
11
Let b(i) = -2*i**3 - 45*i**2 + 22*i - 24. Give b(-23).
-1
Let t(c) = -c**2 - 8*c + 19. Determine t(-8).
19
Let c(g) = g**2 + 33*g - 150. Determine c(-37).
-2
Let o(z) = -2*z**3 - 55*z**2 + 28*z - 3. Give o(-28).
-3
Let i(u) = u + 4. Give i(5).
9
Let c(p) = p**2 - 9*p - 6. Give c(7).
-20
Let k(c) = -202*c - 1009. Give k(-5).
1
Let v(d) = -4*d**2 + 2*d - 13. What is v(5)?
-103
Let q(o) = o**2 + 13*o - 4. Give q(-12).
-16
Let m(x) = -4*x - 6. What is m(-3)?
6
Let b(r) = -3*r**2 - r - 2. Calculate b(4).
-54
Let g(b) = -b**3 - 7*b**2 - 5*b - 2. Give g(-6).
-8
Let z(c) = c**2 - 2*c - 6. What is z(4)?
2
Let m(x) = 2*x + 23. Determine m(-8).
7
Let h(i) = i + 3. What is h(7)?
10
Let g(q) = 2*q**2 - 7*q - 5. Determine g(7).
44
Let k(n) = 7*n**2 - 56*n + 1. What is k(8)?
1
Let h(u) = u**3 + 5*u**2 + 3*u. Give h(-2).
6
Let x(l) = l**2 + 26*l + 49. Calculate x(-24).
1
Let i(c) = -c**2 - 15*c - 5. Determine i(-10).
45
Let q(c) = -c**3 + 8*c**2 - 9*c + 1. Determine q(7).
-13
Let n(v) = v**2 - 2*v - 30. What is n(6)?
-6
Let a(m) = -224*m**3 - 2*m**2 + 7*m - 5. What is a(1)?
-224
Let x(u) = u**3 - 8*u**2 + 9*u - 1. Determine x(8).
71
Let s(y) = -5*y + 7. Give s(7).
-28
Let o(v) = -3*v + 14. Give o(3).
5
Let l(j) = -j**3 - 12*j**2 - 31*j - 5. Calculate l(-4).
-9
Let u(x) = x**2 + 18*x + 37. What is u(-12)?
-35
Let w(z) = z**2 + 19*z + 8. Calculate w(-13).
-70
Let f(k) = -110*k + 1761. Calculate f(16).
1
Let x(g) = 2*g**3 - 5*g**2 - 5*g + 2. Give x(3).
-4
Let r(m) = -10*m - 81. Calculate r(-8).
-1
Let q(f) = -f**2 - f. Determine q(-2).
-2
Let c(m) = -m + 1. What is c(9)?
-8
Let d(q) = -q**2 - 7*q - 16. Calculate d(-7).
-16
Let a(n) = -3*n - 66. Give a(-22).
0
Let s(y) = 5*y - 1. Calculate s(4).
19
Let n(d) = -4*d - 11. Determine n(-4).
5
Let r(z) = 2*z**2 + 38*z + 22. Give r(-20).
62
Let o(p) = -p**2 + 9*p + 21. Calculate o(9).
21
Let k(t) = -2*t**3 + 51*t**2 + 24*t + 40. Give k(26).
-12
Let b(c) = -c**2 + c + 424. Calculate b(-20).
4
Let v(l) = 5*l**3 - 2*l + 4. What is v(2)?
40
Let x(p) = 20*p**2 + p + 2. Calculate x(-1).
21
Let u(z) = -z**3 - 6*z**2 + 3*z + 12. Determine u(-6).
-6
Let u(z) = -z**3 + 2*z**2 + 6*z - 2. What is u(4)?
-10
Let u(r) = -r**3 + r**2 + 2*r - 30. Determine u(0).
-30
Let d(k) = 8*k + 136. What is d(-20)?
-24
Let f(y) = 52*y + 326. Give f(-6).
14
Let l(d) = 20*d + 250. Determine l(-13).
-10
Let u(p) = -40*p**3. What is u(1)?
-40
Let y(g) = -g**3 - 13*g**2 - 14*g + 2. Determine y(-12).
26
Let o(r) = r**3 - 3*r**2 - 7*r + 7. What is o(4)?
-5
Let l(v) = -v**3 + 15*v**2 - 15*v + 8. What is l(14)?
-6
Let u(d) = 22*d - 10. What is u(3)?
56
Let w(r) = -r**3 - 10*r**2 - 19*r + 1. Give w(-7).
-13
Let c(o) = -19*o - 19. Calculate c(4).
-95
Let o(d) = 26*d**2 - 8*d + 7. Calculate o(1).
25
Let o(k) = k**3 - 6*k**2 + 4*k + 8. Calculate o(3).
-7
Let z(g) = -g**2 - 13*g - 8. What is z(-11)?
14
Let w(p) = p**3 + 26*p**2 - 30*p - 23. Calculate w(-27).
58
Let n(c) = c**2 - 2*c - 329. Calculate n(-17).
-6
Let d(i) = -30*i - 1. Determine d(-1).
29
Let c(l) = l**3 + 16*l**2 - 15*l + 37. Determine c(-17).
3
Let f(r) = -10*r - 12. Calculate f(-4).
28
Let t(g) = -17*g + 31. What is t(4)?
-37
Let s(t) = -t**2 + 8*t - 3. Calculate s(8).
-3
Let x(q) = 3*q - 34. Give x(9).
-7
Let y(t) = 3*t - 9. Give y(9).
18
Let n(w) = w**3 + w**2 - w - 10. Calculate n(0).
-10
Let l(t) = 12*t - 4. What is l(-4)?
-52
Let h(p) = 5*p**3 + 2*p**2 - 9*p - 1. Calculate h(3).
125
Let z(b) = b**3 + 5*b**2 - 11*b - 5. Calculate z(-7).
-26
Let t(u) = -u**2 + 16*u - 54. What is t(6)?
6
Let l(q) = -2*q + 4. Calculate l(5).
-6
Let x(c) = 2*c**2 - 9*c + 30. What is x(7)?
65
Let w(d) = d**3 - 9*d**2 + 11*d - 22. Calculate w(8).
2
Let a(q) = -13*q - 6. Calculate a(7).
-97
Let x(o) = o**3 - 6*o**2 + o - 12. Calculate x(6).
-6
Let w(x) = 2*x**3 - x**2 - 3*x - 36. Calculate w(0).
-36
Let j(p) = p**3 + 3*p**2 - 20*p - 15. Calculate j(-6).
-3
Let x(v) = -v**3 - 16*v**2 - 17*v - 20. What is x(-15)?
10
Let w(x) = -x**2 + 30*x + 256. Determine w(-7).
-3
Let z(c) = 5*c + 4. Determine z(-6).
-26
Let u(z) = 5*z**3 - 2*z**2 - z. Calculate u(-2).
-46
Let b(q) = -33*q**3 - 3*q**2 + 3*q - 1. Calculate b(1).
-34
Let c(v) = -6*v + 7. Give c(6).
-29
Let w(k) = 2*k**2 - 16*k + 10. Calculate w(7).
-4
Let a(x) = -4*x + 2. Calculate a(5).
-18
Let d(x) = x**2 - 7*x - 10. Determine d(7).
-10
Let g(o) = -2*o - 7. What is g(-5)?
3
Let s(g) = -g - 33. Determine s(-18).
-15
Let o(i) = i**3 + i**2 - 3*i + 9. Determine o(-3).
0
Let q(c) = -c**3 - 3*c**2 + 9*c - 5. What is q(-4)?
-25
Let j(q) = -q**3 - q**2 + q + 24. What is j(0)?
24
Let q(l) = l**2 - 12*l + 27. Calculate q(11).
16
Let b(t) = -5*t + 57. Calculate b(9).
12
Let u(s) = -s**3 + 30*s**2 + 31*s - 12. Give u(31).
-12
Let h(w) = w**3 + w**2 - 21*w - 19. What is h(-5)?
-14
Let x(f) = 6*f + 25. Give x(-13).
-53
Let g(y) = 2*y**3 + 2*y**2 - 5*y - 2. Determine g(-3).
-23
Let n(h) = -h**2 - 3*h - 4. Determine n(2).
-14
Let g(s) = s**3 - 5*s**2 + 6*s + 4. Determine g(5).
34
Let t(q) = q**2 - 8*q + 15. Determine t(10).
35
Let z(u) = u - 16. Determine z(14).
-2
Let p(c) = -c**3 + 15*c**2 - 13*c - 5. Give p(14).
9
Let i(m) = -m - 8. Calculate i(-7).
-1
Let r(u) = u**2 - 9*u + 31. Calculate r(4).
11
Let p(g) = -g**3 + 5*g**2 - 7*g + 4. Determine p(5).
-31
Let z(k) = k**3 - 3*k**2 - 7*k - 1. Calculate z(-2).
-7
Let t(r) = -5*r - 9. Calculate t(-3).
6
Let d(f) = -f**3 + 8*f**2 - 2*f - 18. Calculate d(7).
17
Let n(m) = -3*m - 8. What is n(-8)?
16
Let m(u) = -u**3 - 17*u**2 - 17*u - 9. Give m(-16).
7
Let y(o) = o**3 + o - 5. Determine y(0).
-5
Let v(m) = 2*m**2 + 26*m + 25. Give v(-13).
25
Let g(i) = 5*i - 269. Give g(53).
-4
Let y(w) = -w + 8. Calculate y(1).
7
Let f(j) = -2*j**2 + 2*j + 6. Calculate f(6).
-54
Let h(x) = -16*x**2 - 3*x + 4. Give h(1).
-15
Let a(r) = -r - 7. Calculate a(0).
-7
Let v(g) = g + 7. What is v(0)?
7
Let y(g) = -5*g + 11. Give y(5).
-14
Let p(x) = -7*x**2 - 3*x - 2. Determine p(2).
-36
Let r(z) = -166*z + 2649. Give r(16).
-7
Let g(u) = -29*u**2. Determine g(1).
-29
Let l(o) = -2*o**3 - 61*o**2 + 32*o + 35. What is l(-31)?
4
Let v(a) = 2*a**2 + 8*a + 11. Calculate v(-5).
21
Let t(u) = u - 10. What is t(7)?
-3
Let c(q) = -q**2 + 4*q + 34. Determine c(-4).
2
Let s(u) = -2*u**2 + 33*u + 22. Calculate s(17).
5
Let l(i) = -i**3 - 2*i**2 + i + 5. Calculate l(0).
5
Let n(w) = 14*w - 41. Give n(6).
43
Let y(b) = -b**3 + 18*b**2 + 37*b + 53. Give y(20).
-7
Let d(w) = w**3 - 7*w**2 - 6*w - 9. What is d(8)?
7
Let n(p) = p**3 + 8*p**2 - 12*p - 57. What is n(-9)?
-30
Let s(b) = b**2 - 16*b -